eatest common divisor of x and u?
9
Suppose 0 = 625*p - 630*p + 11690. What is the highest common factor of 84 and p?
14
Suppose -10*h + 7*h = -57. Let z = h + -7. Suppose 3*c + 0*c + 765 = 4*w, z = -4*c. Calculate the greatest common divisor of w and 27.
27
Suppose f = -q + 4*q - 1, -2*f = -q - 8. Suppose -n - 7 = 3*n + f*y, -y - 9 = -3*n. What is the greatest common divisor of 32 and n?
2
Let f(w) = 130*w + 264. Let a be f(4). Let i be a/21*(-6)/(-7). Let x = -17 - -25. What is the greatest common factor of i and x?
8
Suppose 3*l - 15 = 0, -4*p + l + 45 = -1670. What is the highest common factor of 26015 and p?
215
Let z(n) = -n**3 - 2*n**2 - 3*n - 13. Suppose 20*v = -9*v - 87. Let o be z(v). What is the greatest common divisor of o and 45?
5
Suppose -212 = -4*a - 4*k, 0 = 3*a + 15*k - 14*k - 149. Calculate the highest common divisor of 296 and a.
8
Let z(v) = 2*v**2 - 49*v + 304. Suppose 4*p + 26*r - 24 = 24*r, 2*p - r = 20. Let j be z(p). Calculate the greatest common factor of 310 and j.
10
Suppose 0 = -1299*h + 1310*h - 6380. What is the highest common divisor of 464 and h?
116
Let o(i) = -25*i + 126. Let b be o(3). What is the highest common divisor of 340 and b?
17
Suppose -4673*z = -4668*z - 7*b - 197, 0 = 2*z + 4*b - 72. Suppose 5*i - 14 = -4. What is the greatest common factor of z and i?
2
Suppose -33 = -z + 4*o, 638*o - 633*o + 55 = 4*z. What is the highest common divisor of 9535 and z?
5
Suppose -2*y + 1708 = -n, 8*y = 13*y + 4*n - 4231. Calculate the highest common divisor of 23 and y.
23
Let q be 6*-160*21/(-126). Let p = 104 + -26. Let d = 142 - p. What is the greatest common factor of d and q?
32
Let y(o) = -245*o + 9. Let m be y(-8). Suppose -12*p - 109 = -m. Calculate the greatest common divisor of p and 5.
5
Let m = 10517 + -10311. What is the highest common divisor of 721 and m?
103
Let y be 5*(-7)/140*-35 - (-1)/4. Calculate the greatest common factor of y and 3357.
9
Let r = -103 + 198. Let i = r - -49. Calculate the greatest common factor of i and 12.
12
Let w be (-21 - 43/(-2))/((-1)/(-3026)). What is the greatest common divisor of 51 and w?
17
Let l(h) = 3*h**2 - 59*h - 316. Let a be l(-8). What is the greatest common factor of a and 319?
29
Suppose -5*i = x - 58, 2*i + i = -6*x + 456. Calculate the highest common factor of x and 25974.
78
Suppose 2*m = 5*m - 69. Let s be 69/((-93)/16 - -6). Calculate the greatest common divisor of m and s.
23
Let o(g) = -5*g**2 + 307*g + 15. Let t be o(7). Calculate the highest common divisor of t and 19.
19
Let i = -7 + 21. Suppose i*m = 13*m + 15. Let o be m + -20 + 2*7. What is the highest common factor of o and 99?
9
Let j = -79 + 232. Let z be 74/9 + (-34)/j. Let v = 17 - 9. Calculate the greatest common divisor of v and z.
8
Let v = -13131 + 13151. Calculate the greatest common factor of v and 55.
5
Let d be (13/(-6))/(-1 - 65/(-66)). Suppose -95 + 89 = -6*y. Calculate the greatest common factor of d and y.
1
Let r = 202 + -103. Let f be (84/1)/3 + -4. Let u = 35 - f. What is the highest common divisor of u and r?
11
Let p(i) = -14*i**2 - 9*i + 21. Let g be p(12). Let h = 3694 + g. What is the greatest common factor of 43 and h?
43
Let x = 378 - 271. Let k = -99 + x. What is the highest common divisor of k and 1?
1
Let w = 519 + -459. Calculate the highest common divisor of 384 and w.
12
Let g = 35812 + -16462. What is the greatest common divisor of g and 25?
25
Let c = 394 + -394. Suppose 19*p - 14*p = 2*r - 1494, c = -5*p + 10. What is the greatest common factor of 16 and r?
16
Suppose -p + 48 = 3*p. Let x(c) = 2*c**2 + 11*c + 40. Let n be x(-13). Suppose -245 = -20*v + n. What is the highest common divisor of p and v?
12
Let h(y) = y**3 - 19*y**2 + 44*y + 66. Let d be h(16). What is the greatest common factor of 788 and d?
2
Suppose 3*k + c + 146 = 373, 3*c - 306 = -4*k. Suppose -4*p + 0*p = 0. Suppose -2*q + 14 + 16 = p. What is the greatest common factor of k and q?
15
Let k be (4 + 88)*(-12)/(-3). Suppose 0 = 2*v + 2*j - 136, -v + 2*j = 4*v - k. Let m = v - 46. Calculate the greatest common divisor of 234 and m.
26
Let o be (-600)/9 + (-16)/(-24). Let i be (-1*(4 - o))/((-8)/20). Suppose 2*k = -8, 0*n = -3*n + 5*k + 125. What is the greatest common factor of i and n?
35
Suppose 3*q = -2*f + 2*q + 6, f + 4*q = -4. Let n be (2 - 36/16)/(f/(-368)). Calculate the highest common divisor of n and 207.
23
Let a(v) = v**3 + 36*v**2 + 101*v + 78. Let z be a(-33). What is the greatest common factor of 2028 and z?
12
Let u(c) = 748*c + 5995. Let v be u(-8). Let n be (-1743)/6 - (-2)/4. Let b = -202 - n. Calculate the highest common divisor of b and v.
11
Suppose -13*i - 4*i - 61527 + 233465 = 0. What is the greatest common factor of i and 13?
13
Let r = -1174 - -4765. Suppose -70*s + 77*s = r. What is the highest common divisor of s and 27?
27
Suppose -447*o + 547*o = 5300. Calculate the greatest common factor of 31111 and o.
53
Let n = -218 + 251. Let o(u) = -u**2 + 32*u + 38. Let s be o(n). What is the highest common factor of 20 and s?
5
Let d be 118/(-295) + (-5024)/(-10). Let c = -436 + d. Calculate the highest common factor of c and 561.
33
Let s(q) = 110*q**2 - 174*q + 342. Let h be s(2). Calculate the greatest common divisor of 4526 and h.
62
Let w(q) be the third derivative of q**4 + 25*q**3/2 - 50*q**2. Let c be w(-3). Calculate the highest common factor of 57 and c.
3
Suppose 0 = 5*n - 463 + 488. Let i be (234/65 + (-2)/n)*10. What is the highest common divisor of i and 20?
20
Let j be ((-24)/7)/(-4 - 135/(-35)). Suppose -2*u + 149 = -5*y, 4*u - 3*y = -27 + 318. Suppose -2*c + u = -0*c. What is the highest common factor of c and j?
12
Suppose 45 - 51 = -11*d + 2*y, -d - y = -10. Suppose 0 = 5*i + 4*n - 32 - 8, -i = 2*n - 8. Let f = -5 + i. What is the greatest common factor of f and d?
1
Let s(x) = x**2 + 17*x - 389. Let l be s(-31). What is the greatest common factor of l and 27?
9
Let o be -2 - 1*-16 - 3. Suppose 8*h - 12 = 7*h. Let k be 13/(26/h) + -5. Calculate the greatest common divisor of k and o.
1
Let f(s) = -104*s**2 + 10*s - 19. Let w be f(2). Let d = -401 - w. What is the highest common divisor of 77 and d?
7
Let i be (-3 + (-34)/(-10))/((-5)/(-1625)). What is the greatest common factor of 10 and i?
10
Let m = 4819 + -4691. What is the greatest common factor of m and 8192?
128
Let c be 990/88*(38 - 28 - 2/(-3)). What is the highest common factor of 2940 and c?
60
Let j be -2 + -2*(-21)/1. Let p be 5 + -3 - -45 - 7. Calculate the highest common divisor of p and j.
40
Let y(r) = -r**3 + 52*r**2 - 196*r - 393. Let o be y(47). Calculate the highest common factor of o and 243.
9
Suppose 1423 = 32*x - 241. What is the greatest common divisor of x and 5954?
26
Let z be (-3 - -3)/((-2)/1). Suppose z = -5*g - 2*h + 140, 0 = g + 5*h - 0 - 5. Let t be ((-10)/g)/(1/(-33)). Calculate the greatest common factor of t and 88.
11
Let z = 1278 - 1078. Let q(t) = t**2 - 9*t + 14. Let b be q(-8). What is the greatest common factor of z and b?
50
Let n(v) be the second derivative of -7/6*v**3 - 9/2*v**2 + 1/6*v**4 - 22*v + 0. Let u be n(6). Calculate the highest common divisor of 28 and u.
7
Suppose 0 = -5*p + 30, 3*q + 133*p - 136*p - 46440 = 0. What is the greatest common divisor of q and 87?
87
Suppose -2*z = 5*a - 102, 0 = z + 4*a + 17 - 71. Let p(i) = -i**2 - 4*i + 11. Let y be p(-8). Let w = y + 44. Calculate the greatest common divisor of w and z.
23
Let b(w) = -514*w + 9372. Let f be b(9). Calculate the highest common factor of 84 and f.
42
Suppose 4572 = 41*a - 4530. Calculate the greatest common factor of 9 and a.
3
Let w(k) = 7*k + 147. Let g be w(-7). Let x = -80 + g. Calculate the greatest common divisor of 4 and x.
2
Let v(o) = -o**3 + 18*o**2 - 57*o - 25. Let r be v(5). What is the highest common divisor of r and 147?
3
Suppose -645 = -6*v - 255. Suppose v*n + 268 = 66*n. What is the greatest common divisor of n and 201?
67
Suppose 7*f + 6*f - 2*f = 693. Calculate the highest common factor of f and 35.
7
Suppose -4*o - 5*l - 12212 = -8*o, -9159 = -3*o - l. Calculate the greatest common divisor of o and 43.
43
Suppose 2*p - 1848 = -4*m, -3*p - 109*m + 2742 = -113*m. What is the highest common divisor of p and 18?
18
Suppose -1367 - 6284 = -29*w + 8531. What is 